{"id":352,"date":"2021-11-30T20:14:28","date_gmt":"2021-11-30T20:14:28","guid":{"rendered":"http:\/\/beinginstitute.com.tr\/?page_id=352"},"modified":"2023-10-04T14:13:48","modified_gmt":"2023-10-04T11:13:48","slug":"kurumsal-danismanlik","status":"publish","type":"page","link":"https:\/\/beinginstitute.com.tr\/index.php\/kurumsal-danismanlik\/","title":{"rendered":"Kurumsal Dan\u0131\u015fmanl\u0131k"},"content":{"rendered":"\t\t<div data-elementor-type=\"wp-page\" data-elementor-id=\"352\" class=\"elementor elementor-352\">\n\t\t\t\t\t\t<section class=\"elementor-section elementor-top-section elementor-element elementor-element-2b721e0b elementor-section-height-min-height elementor-section-boxed elementor-section-height-default elementor-section-items-middle\" data-id=\"2b721e0b\" data-element_type=\"section\" data-e-type=\"section\" data-settings=\"{&quot;background_background&quot;:&quot;classic&quot;}\">\n\t\t\t\t\t\t\t<div class=\"elementor-background-overlay\"><\/div>\n\t\t\t\t\t\t\t<div class=\"elementor-container elementor-column-gap-no\">\n\t\t\t\t\t<div class=\"elementor-column elementor-col-100 elementor-top-column elementor-element elementor-element-55a2db64\" data-id=\"55a2db64\" data-element_type=\"column\" data-e-type=\"column\" data-settings=\"{&quot;background_background&quot;:&quot;classic&quot;}\">\n\t\t\t<div class=\"elementor-widget-wrap elementor-element-populated\">\n\t\t\t\t\t\t<div class=\"elementor-element elementor-element-615945d4 elementor-widget elementor-widget-heading\" data-id=\"615945d4\" data-element_type=\"widget\" data-e-type=\"widget\" data-widget_type=\"heading.default\">\n\t\t\t\t<div class=\"elementor-widget-container\">\n\t\t\t\t\t<h1 class=\"elementor-heading-title elementor-size-default\">Kurumsal Dan\u0131\u015fmanl\u0131k<\/h1>\t\t\t\t<\/div>\n\t\t\t\t<\/div>\n\t\t\t\t<div class=\"elementor-element elementor-element-19b46e1d elementor-align-center elementor-widget__width-auto elementor-widget elementor-widget-button\" data-id=\"19b46e1d\" data-element_type=\"widget\" data-e-type=\"widget\" data-widget_type=\"button.default\">\n\t\t\t\t<div class=\"elementor-widget-container\">\n\t\t\t\t\t\t\t\t\t<div class=\"elementor-button-wrapper\">\n\t\t\t\t\t<a class=\"elementor-button elementor-button-link elementor-size-sm\" href=\"#\">\n\t\t\t\t\t\t<span class=\"elementor-button-content-wrapper\">\n\t\t\t\t\t\t<span class=\"elementor-button-icon\">\n\t\t\t\t\t\t\t\t\t<i class=\"fa fa-angle-right\" aria-hidden=\"true\"><\/i>\n\t\t\t\t\t\t\t<\/span>\n\t\t\t\t\t\t\t\t\t<span class=\"elementor-button-text\">Home<\/span>\n\t\t\t\t\t<\/span>\n\t\t\t\t\t<\/a>\n\t\t\t\t<\/div>\n\t\t\t\t\t\t\t\t<\/div>\n\t\t\t\t<\/div>\n\t\t\t\t<div class=\"elementor-element elementor-element-70bd28ad elementor-align-center elementor-widget__width-auto elementor-widget elementor-widget-button\" data-id=\"70bd28ad\" data-element_type=\"widget\" data-e-type=\"widget\" data-widget_type=\"button.default\">\n\t\t\t\t<div class=\"elementor-widget-container\">\n\t\t\t\t\t\t\t\t\t<div class=\"elementor-button-wrapper\">\n\t\t\t\t\t<a class=\"elementor-button elementor-button-link elementor-size-sm\" href=\"#\">\n\t\t\t\t\t\t<span class=\"elementor-button-content-wrapper\">\n\t\t\t\t\t\t\t\t\t<span class=\"elementor-button-text\">Kurumsal dan\u0131\u015fmanl\u0131k<\/span>\n\t\t\t\t\t<\/span>\n\t\t\t\t\t<\/a>\n\t\t\t\t<\/div>\n\t\t\t\t\t\t\t\t<\/div>\n\t\t\t\t<\/div>\n\t\t\t\t\t<\/div>\n\t\t<\/div>\n\t\t\t\t\t<\/div>\n\t\t<\/section>\n\t\t\t\t<section class=\"elementor-section elementor-top-section elementor-element elementor-element-710a0ae3 elementor-section-boxed elementor-section-height-default elementor-section-height-default\" data-id=\"710a0ae3\" data-element_type=\"section\" data-e-type=\"section\" data-settings=\"{&quot;background_background&quot;:&quot;classic&quot;}\">\n\t\t\t\t\t\t<div class=\"elementor-container elementor-column-gap-default\">\n\t\t\t\t\t<div class=\"elementor-column elementor-col-50 elementor-top-column elementor-element elementor-element-32aadab0\" data-id=\"32aadab0\" data-element_type=\"column\" data-e-type=\"column\" data-settings=\"{&quot;background_background&quot;:&quot;classic&quot;}\">\n\t\t\t<div class=\"elementor-widget-wrap elementor-element-populated\">\n\t\t\t\t\t\t<section class=\"elementor-section elementor-inner-section elementor-element elementor-element-784fd02f elementor-section-boxed elementor-section-height-default elementor-section-height-default\" data-id=\"784fd02f\" data-element_type=\"section\" data-e-type=\"section\" data-settings=\"{&quot;background_background&quot;:&quot;classic&quot;}\">\n\t\t\t\t\t\t<div class=\"elementor-container elementor-column-gap-default\">\n\t\t\t\t\t<div class=\"elementor-column elementor-col-100 elementor-inner-column elementor-element elementor-element-15eb6f34\" data-id=\"15eb6f34\" data-element_type=\"column\" data-e-type=\"column\">\n\t\t\t<div class=\"elementor-widget-wrap elementor-element-populated\">\n\t\t\t\t\t\t<div class=\"elementor-element elementor-element-d08231c elementor-widget elementor-widget-text-editor\" data-id=\"d08231c\" data-element_type=\"widget\" data-e-type=\"widget\" data-widget_type=\"text-editor.default\">\n\t\t\t\t<div class=\"elementor-widget-container\">\n\t\t\t\t\t\t\t\t\t<p><strong>Kurumlar\u0131n da t\u0131pk\u0131 insanlar gibi bir kimli\u011fi, hikayesi, ruhu, enerjisi ve yolculu\u011fu vard\u0131r. Kurumun kendi hikayesi, bile\u015fenlerinin hikayesi ve kurum i\u00e7in \u00e7al\u0131\u015fan insanlar\u0131n hikayesi bir sinerji olu\u015fturur. Kuruma, markaya ait t\u00fcm bile\u015fenlerin dengeli ve tutarl\u0131 bir b\u00fct\u00fcnl\u00fck olu\u015fturmas\u0131, yolculu\u011fu san\u0131landan \u00e7ok daha fazla etkiler.<\/strong><\/p><p><strong>Being Institute, bu anlaml\u0131 yolculukta markan\u0131z\u0131n yeni hikayeler yazmas\u0131n\u0131 destekler ve daha iyi potansiyelleri ortaya \u00e7\u0131karmak i\u00e7in \u00e7\u00f6z\u00fcmler sunar.<\/strong><\/p><p><strong>Kurumsal hizmetlerimiz \u00fc\u00e7 kanaldan y\u00fcr\u00fct\u00fcl\u00fcr.<\/strong><\/p><ol><li><strong>Kurum, marka ve \u00fcr\u00fcnler i\u00e7in kreatif dan\u0131\u015fmanl\u0131k.<\/strong><\/li><li><strong>Kurum i\u00e7i motivasyon e\u011fitimleri.<\/strong><\/li><li><strong>Kurum y\u00f6netimine ki\u015fisel dan\u0131\u015fmanl\u0131k<\/strong><\/li><\/ol>\t\t\t\t\t\t\t\t<\/div>\n\t\t\t\t<\/div>\n\t\t\t\t\t<\/div>\n\t\t<\/div>\n\t\t\t\t\t<\/div>\n\t\t<\/section>\n\t\t\t\t<div class=\"elementor-element elementor-element-21b69840 elementor-align-center elementor-widget__width-auto elementor-widget elementor-widget-button\" data-id=\"21b69840\" data-element_type=\"widget\" data-e-type=\"widget\" data-widget_type=\"button.default\">\n\t\t\t\t<div class=\"elementor-widget-container\">\n\t\t\t\t\t\t\t\t\t<div class=\"elementor-button-wrapper\">\n\t\t\t\t\t<a class=\"elementor-button elementor-button-link elementor-size-sm\" href=\"#\">\n\t\t\t\t\t\t<span class=\"elementor-button-content-wrapper\">\n\t\t\t\t\t\t\t\t\t<span class=\"elementor-button-text\">FAQ<\/span>\n\t\t\t\t\t<\/span>\n\t\t\t\t\t<\/a>\n\t\t\t\t<\/div>\n\t\t\t\t\t\t\t\t<\/div>\n\t\t\t\t<\/div>\n\t\t\t\t\t<\/div>\n\t\t<\/div>\n\t\t\t\t<div class=\"elementor-column elementor-col-50 elementor-top-column elementor-element elementor-element-41c0820b\" data-id=\"41c0820b\" data-element_type=\"column\" data-e-type=\"column\">\n\t\t\t<div class=\"elementor-widget-wrap elementor-element-populated\">\n\t\t\t\t\t\t<section class=\"elementor-section elementor-inner-section elementor-element elementor-element-63e54bcf elementor-section-boxed elementor-section-height-default elementor-section-height-default\" data-id=\"63e54bcf\" data-element_type=\"section\" data-e-type=\"section\">\n\t\t\t\t\t\t<div class=\"elementor-container elementor-column-gap-wide\">\n\t\t\t\t\t<div class=\"elementor-column elementor-col-50 elementor-inner-column elementor-element elementor-element-2aecfeb8\" data-id=\"2aecfeb8\" data-element_type=\"column\" data-e-type=\"column\">\n\t\t\t<div class=\"elementor-widget-wrap elementor-element-populated\">\n\t\t\t\t\t\t<div class=\"elementor-element elementor-element-4d31c189 elementor-invisible elementor-widget elementor-widget-image\" data-id=\"4d31c189\" data-element_type=\"widget\" data-e-type=\"widget\" data-settings=\"{&quot;_animation&quot;:&quot;fadeInUp&quot;}\" data-widget_type=\"image.default\">\n\t\t\t\t<div class=\"elementor-widget-container\">\n\t\t\t\t\t\t\t\t\t\t\t\t\t\t\t<img fetchpriority=\"high\" decoding=\"async\" width=\"1536\" height=\"1024\" src=\"https:\/\/beinginstitute.com.tr\/wp-content\/uploads\/2021\/12\/compass-1536x1024.jpg\" class=\"attachment-1536x1536 size-1536x1536 wp-image-860\" alt=\"compass\" srcset=\"https:\/\/beinginstitute.com.tr\/wp-content\/uploads\/2021\/12\/compass-1536x1024.jpg 1536w, https:\/\/beinginstitute.com.tr\/wp-content\/uploads\/2021\/12\/compass-300x200.jpg 300w, https:\/\/beinginstitute.com.tr\/wp-content\/uploads\/2021\/12\/compass-1024x682.jpg 1024w, https:\/\/beinginstitute.com.tr\/wp-content\/uploads\/2021\/12\/compass-768x512.jpg 768w, https:\/\/beinginstitute.com.tr\/wp-content\/uploads\/2021\/12\/compass.jpg 2000w\" sizes=\"100vw\" \/>\t\t\t\t\t\t\t\t\t\t\t\t\t\t\t<\/div>\n\t\t\t\t<\/div>\n\t\t\t\t\t<\/div>\n\t\t<\/div>\n\t\t\t\t<div class=\"elementor-column elementor-col-50 elementor-inner-column elementor-element elementor-element-f4324b3\" data-id=\"f4324b3\" data-element_type=\"column\" data-e-type=\"column\">\n\t\t\t<div class=\"elementor-widget-wrap elementor-element-populated\">\n\t\t\t\t\t\t<div class=\"elementor-element elementor-element-378e0a2e animated-slow elementor-invisible elementor-widget elementor-widget-image\" data-id=\"378e0a2e\" data-element_type=\"widget\" data-e-type=\"widget\" data-settings=\"{&quot;_animation&quot;:&quot;fadeInDown&quot;}\" data-widget_type=\"image.default\">\n\t\t\t\t<div class=\"elementor-widget-container\">\n\t\t\t\t\t\t\t\t\t\t\t\t\t\t\t<img decoding=\"async\" src=\"https:\/\/beinginstitute.com.tr\/wp-content\/uploads\/2021\/12\/C4685B66-12E1-49D5-A0D1-44F5DC9A872C-scaled-1.jpeg\" title=\"C4685B66-12E1-49D5-A0D1-44F5DC9A872C\" alt=\"C4685B66-12E1-49D5-A0D1-44F5DC9A872C\" loading=\"lazy\" \/>\t\t\t\t\t\t\t\t\t\t\t\t\t\t\t<\/div>\n\t\t\t\t<\/div>\n\t\t\t\t\t<\/div>\n\t\t<\/div>\n\t\t\t\t\t<\/div>\n\t\t<\/section>\n\t\t\t\t\t<\/div>\n\t\t<\/div>\n\t\t\t\t\t<\/div>\n\t\t<\/section>\n\t\t\t\t<section class=\"elementor-section elementor-top-section elementor-element elementor-element-7e7dc15a elementor-section-boxed elementor-section-height-default elementor-section-height-default\" data-id=\"7e7dc15a\" data-element_type=\"section\" data-e-type=\"section\" data-settings=\"{&quot;background_background&quot;:&quot;classic&quot;}\">\n\t\t\t\t\t\t\t<div class=\"elementor-background-overlay\"><\/div>\n\t\t\t\t\t\t\t<div class=\"elementor-container elementor-column-gap-default\">\n\t\t\t\t\t<div class=\"elementor-column elementor-col-100 elementor-top-column elementor-element elementor-element-2682b528\" data-id=\"2682b528\" data-element_type=\"column\" data-e-type=\"column\">\n\t\t\t<div class=\"elementor-widget-wrap elementor-element-populated\">\n\t\t\t\t\t\t<section class=\"elementor-section elementor-inner-section elementor-element elementor-element-15f605a1 elementor-section-boxed elementor-section-height-default elementor-section-height-default\" data-id=\"15f605a1\" data-element_type=\"section\" data-e-type=\"section\" data-settings=\"{&quot;background_background&quot;:&quot;classic&quot;}\">\n\t\t\t\t\t\t<div class=\"elementor-container elementor-column-gap-wider\">\n\t\t\t\t\t<div class=\"elementor-column elementor-col-100 elementor-inner-column elementor-element elementor-element-13810f75\" data-id=\"13810f75\" data-element_type=\"column\" data-e-type=\"column\">\n\t\t\t<div class=\"elementor-widget-wrap elementor-element-populated\">\n\t\t\t\t\t\t<div class=\"elementor-element elementor-element-2e997831 elementor-widget elementor-widget-heading\" data-id=\"2e997831\" data-element_type=\"widget\" data-e-type=\"widget\" data-widget_type=\"heading.default\">\n\t\t\t\t<div class=\"elementor-widget-container\">\n\t\t\t\t\t<h2 class=\"elementor-heading-title elementor-size-default\">Kurumunuzun en iyi olas\u0131l\u0131klar\u0131 i\u00e7in<\/h2>\t\t\t\t<\/div>\n\t\t\t\t<\/div>\n\t\t\t\t<div class=\"elementor-element elementor-element-86faac1 elementor-align-justify elementor-widget elementor-widget-button\" data-id=\"86faac1\" data-element_type=\"widget\" data-e-type=\"widget\" data-widget_type=\"button.default\">\n\t\t\t\t<div class=\"elementor-widget-container\">\n\t\t\t\t\t\t\t\t\t<div class=\"elementor-button-wrapper\">\n\t\t\t\t\t<a class=\"elementor-button elementor-button-link elementor-size-sm\" href=\"https:\/\/beinginstitute.com.tr\/index.php\/being\/\">\n\t\t\t\t\t\t<span class=\"elementor-button-content-wrapper\">\n\t\t\t\t\t\t\t\t\t<span class=\"elementor-button-text\">HAREKETE GE\u00c7<\/span>\n\t\t\t\t\t<\/span>\n\t\t\t\t\t<\/a>\n\t\t\t\t<\/div>\n\t\t\t\t\t\t\t\t<\/div>\n\t\t\t\t<\/div>\n\t\t\t\t\t<\/div>\n\t\t<\/div>\n\t\t\t\t\t<\/div>\n\t\t<\/section>\n\t\t\t\t\t<\/div>\n\t\t<\/div>\n\t\t\t\t\t<\/div>\n\t\t<\/section>\n\t\t\t\t<\/div>\n\t\t","protected":false},"excerpt":{"rendered":"<p>Kurumsal Dan\u0131\u015fmanl\u0131k Home Kurumsal dan\u0131\u015fmanl\u0131k Kurumlar\u0131n da t\u0131pk\u0131 insanlar gibi bir kimli\u011fi, hikayesi, ruhu, enerjisi ve yolculu\u011fu vard\u0131r. Kurumun kendi hikayesi, bile\u015fenlerinin hikayesi ve kurum i\u00e7in \u00e7al\u0131\u015fan insanlar\u0131n hikayesi bir sinerji olu\u015fturur. Kuruma, markaya ait t\u00fcm bile\u015fenlerin dengeli ve tutarl\u0131 bir b\u00fct\u00fcnl\u00fck olu\u015fturmas\u0131, yolculu\u011fu san\u0131landan \u00e7ok daha fazla etkiler. Being Institute, bu anlaml\u0131 yolculukta markan\u0131z\u0131n &hellip; <\/p>\n<p class=\"link-more\"><a href=\"https:\/\/beinginstitute.com.tr\/index.php\/kurumsal-danismanlik\/\" class=\"more-link\">Read more<span class=\"screen-reader-text\"> &#8220;Kurumsal Dan\u0131\u015fmanl\u0131k&#8221;<\/span><\/a><\/p>\n","protected":false},"author":1,"featured_media":0,"parent":0,"menu_order":0,"comment_status":"closed","ping_status":"closed","template":"elementor_header_footer","meta":{"_monsterinsights_skip_tracking":false,"_monsterinsights_sitenote_active":false,"_monsterinsights_sitenote_note":"","_monsterinsights_sitenote_category":0,"_inspiro_hide_title":false,"footnotes":""},"class_list":["post-352","page","type-page","status-publish","hentry"],"aioseo_notices":[],"_links":{"self":[{"href":"https:\/\/beinginstitute.com.tr\/index.php\/wp-json\/wp\/v2\/pages\/352","targetHints":{"allow":["GET"]}}],"collection":[{"href":"https:\/\/beinginstitute.com.tr\/index.php\/wp-json\/wp\/v2\/pages"}],"about":[{"href":"https:\/\/beinginstitute.com.tr\/index.php\/wp-json\/wp\/v2\/types\/page"}],"author":[{"embeddable":true,"href":"https:\/\/beinginstitute.com.tr\/index.php\/wp-json\/wp\/v2\/users\/1"}],"replies":[{"embeddable":true,"href":"https:\/\/beinginstitute.com.tr\/index.php\/wp-json\/wp\/v2\/comments?post=352"}],"version-history":[{"count":10,"href":"https:\/\/beinginstitute.com.tr\/index.php\/wp-json\/wp\/v2\/pages\/352\/revisions"}],"predecessor-version":[{"id":1297,"href":"https:\/\/beinginstitute.com.tr\/index.php\/wp-json\/wp\/v2\/pages\/352\/revisions\/1297"}],"wp:attachment":[{"href":"https:\/\/beinginstitute.com.tr\/index.php\/wp-json\/wp\/v2\/media?parent=352"}],"curies":[{"name":"wp","href":"https:\/\/api.w.org\/{rel}","templated":true}]}}